ase 14, what is 2 + 23939ca9?
23939cab
In base 6, what is 115 - -1113134?
1113253
In base 7, what is -241 + 140435?
140164
In base 13, what is -61742 + 90?
-61682
In base 7, what is 61 + -6136522?
-6136431
In base 7, what is -143 + -1601422?
-1601565
In base 7, what is 14620 - 1265?
13322
In base 14, what is 27b1d621 + -1?
27b1d620
In base 5, what is -12341100314 + 0?
-12341100314
In base 5, what is 112312 + -3034?
104223
In base 11, what is -8739a + -446?
-87835
In base 10, what is -226101 + -45?
-226146
In base 6, what is -132 - -12240142?
12240010
In base 13, what is -6 + 4b2b27?
4b2b21
In base 12, what is -85 + 393ba?
39335
In base 11, what is 23 + 61620?
61643
In base 9, what is -11 + 115688351?
115688340
In base 14, what is -2 - -1a5db4?
1a5db2
In base 9, what is 30 - -183220?
183250
In base 13, what is -5 + -10aa25?
-10aa2a
In base 2, what is -1111110 + 101001110100111010?
101001110010111100
In base 6, what is -4133 + 10100201?
10052024
In base 10, what is -36231458 + 11?
-36231447
In base 2, what is -10 - -111101001110101110011001?
111101001110101110010111
In base 7, what is 5002105 + -42?
5002033
In base 14, what is -c14 - -42509?
416d5
In base 4, what is -2 - -22100203103?
22100203101
In base 11, what is -1043 - 4340?
-5383
In base 13, what is -2c + -147a937?
-147a966
In base 5, what is -44 - -3114221313?
3114221214
In base 16, what is -43f - -321d?
2dde
In base 15, what is -5 + 1087b3c8?
1087b3c3
In base 7, what is 1215622644 + 0?
1215622644
In base 6, what is 2514144 - -51?
2514235
In base 4, what is -132210301012 + 30?
-132210300322
In base 5, what is -24412 + 213002?
133040
In base 15, what is 3e8 + -3e3?
5
In base 6, what is -41111035 + 11?
-41111024
In base 6, what is -21305233341 + 5?
-21305233332
In base 6, what is 422 - 12323140?
-12322314
In base 15, what is -cc5731 - 1?
-cc5732
In base 3, what is -101111120220221 - -100?
-101111120220121
In base 16, what is -19a6 - 203?
-1ba9
In base 12, what is 7125311 - -3?
7125314
In base 13, what is -3707a68 - 35?
-3707aa0
In base 10, what is 71 - -61371?
61442
In base 7, what is -413 + 615160?
614444
In base 8, what is 32 + 71357050?
71357102
In base 8, what is -3711027136 + -1?
-3711027137
In base 5, what is -2212 + -241110?
-243322
In base 8, what is -1303 - 2763?
-4266
In base 8, what is 45 + -5477324?
-5477257
In base 6, what is -1222432 + -100?
-1222532
In base 5, what is 203 - -21210332?
21211040
In base 8, what is 5 + 2162401757?
2162401764
In base 2, what is -1010100111111111011010 - 0?
-1010100111111111011010
In base 15, what is 11 + 41d7c5?
41d7d6
In base 6, what is -153103045 + -11?
-153103100
In base 2, what is -10 + -1000110011000001011101?
-1000110011000001011111
In base 7, what is -350453 + 365?
-350055
In base 14, what is -4b7 - 63d68?
-64441
In base 6, what is -105323 - 113024?
-222351
In base 13, what is 1 + 84c286?
84c287
In base 16, what is -180 - -968b?
950b
In base 7, what is -3062552 + 65?
-3062454
In base 6, what is 4 - -25121523350?
25121523354
In base 6, what is 154501 + -1524?
152533
In base 7, what is -2602 + 560625?
555023
In base 13, what is -15 - -19ab76?
19ab61
In base 3, what is 11012201 + 11010022?
22100000
In base 10, what is -7 + -110966349?
-110966356
In base 8, what is -60 - -21143526?
21143446
In base 16, what is -2573b5 + -b?
-2573c0
In base 16, what is 15f8dd37 + 4?
15f8dd3b
In base 13, what is 6ab25 - 39?
6aab9
In base 5, what is -24122103001 + 10?
-24122102441
In base 12, what is -3 - -546323?
546320
In base 11, what is -1 + -1730890?
-1730891
In base 5, what is 20 - -3212313030?
3212313100
In base 16, what is 2b8f1eed - 5?
2b8f1ee8
In base 7, what is 5 + 534426502?
534426510
In base 10, what is -114609365 + -3?
-114609368
In base 15, what is 22603 - -12?
22615
In base 5, what is 1041322320 + -2042?
1041320223
In base 11, what is 875 - -2603?
3378
In base 12, what is b0b7b + -1?
b0b7a
In base 11, what is -292 + -9228?
-950a
In base 6, what is -14443 - 4350142?
-4405025
In base 15, what is 14d - -b84b7?
b8615
In base 4, what is -102132231111 + -1?
-102132231112
In base 12, what is -118434 - 421?
-118855
In base 16, what is -2489b + bb?
-247e0
In base 13, what is 37 - -56843a?
568474
In base 9, what is -3620384331 - -3?
-3620384327
In base 4, what is -132310000310 - 11?
-132310000321
In base 10, what is 507 - 1528?
-1021
In base 5, what is 1040344344 - -34?
1040344433
In base 11, what is 1 + -1901556?
-1901555
In base 16, what is -2eb9a71 + b?
-2eb9a66
In base 16, what is -5 + b5701b8?
b5701b3
In base 7, what is 5 + 112542130?
112542135
In base 6, what is 234315 + 21403?
300122
In base 4, what is 1132122113 + -3?
1132122110
In base 7, what is 2 + -23241521?
-23241516
In base 2, what is -110001011100110110001 - 1001?
-110001011100110111010
In base 11, what is 5 + -1458904?
-14588aa
In base 13, what is 8 + -579657b?
-5796573
In base 3, what is -1202220001120221121 - 0?
-1202220001120221121
In base 11, what is 7207161a + 2?
72071621
In base 8, what is 1035346 + -6?
1035340
In base 16, what is 99 + -10857?
-107be
In base 16, what is -f9635 + -1a?
-f964f
In base 3, what is 20001 + -1121021222021?
-1121021202020
In base 10, what is 5 - -2575070?
2575075
In base 11, what is 15297 - 576?
14821
In base 5, what is -130122213 - -334?
-130121324
In base 7, what is 56 + -25444325?
-25444236
In base 5, what is -12144333221 - -1?
-12144333220
In base 9, what is -211181 - -334?
-210746
In base 15, what is -43e597e + -4?
-43e5983
In base 10, what is 3 - 6664683?
-6664680
In base 9, what is -4 + -5647222?
-5647226
In base 12, what is -1a485909 + a?
-1a4858bb
In base 10, what is 94368 - 5?
94363
In base 13, what is -13342c9 - 5c?
-1334358
In base 16, what is -2 + -70a83?
-70a85
In base 9, what is 7 - 1336208?
-1336201
In base 11, what is 204 + -422a6?
-420a2
In base 13, what is -238 - 18205?
-18440
In base 12, what is 31 + -87a454?
-87a423
In base 16, what is 20f3 + 36e?
2461
In base 4, what is 11 - -1201012311010?
1201012311021
In base 13, what is c9b - -618?
15b6
In base 3, what is -22112 - -21022021?
20222202
In base 11, what is 4 - 9305563?
-930555a
In base 16, what is -1d0d1b - 3b?
-1d0d56
In base 10, what is -287 - -19745?
19458
In base 13, what is -5 + a99bb18?
a99bb13
In base 7, what is 121235630 - -4?
121235634
In base 10, what is 1173442 - 56?
1173386
In base 12, what is 3 + 5b095944?
5b095947
In base 13, what is 6 - -12ca8a8?
12ca8b1
In base 8, what is -21340171 + -42?
-21340233
In base 15, what is 14 + 14c1956?
14c196a
In base 10, what is -34577 - 45?
-34622
In base 10, what is -602801 - -154?
-602647
In base 13, what is -179a4 - 1bc4?
-19898
In base 12, what is 11b + 15530?
1564b
In base 8, what is 1277 - -250553?
252052
In base 3, what is 10220001001 - -20020?
10220021021
In base 13, what is -64 + 148ca6?
148c42
In base 10, what is 1 + 161231124?
161231125
In base 14, what is -aa4d6 - -22?
-aa4b4
In base 7, what is 5 + -65350316?
-65350311
In base 5, what is 140111444 - -3?
140112002
In base 7, what is 25 + -1203144?
-1203116
In base 8, what is -7 + -2105426?
-2105435
In base 12, what is -152a5a7 + -26?
-152a611
In base 11, what is 21250579 - -4?
21250582
In base 16, what is -a6e8 + -5d8?
-acc0
In base 8, what is -721 + -114201?
-115122
In base 7, what is 12 - -564060106?
564060121
In base 16, what is 5 - -2f5f345?
2f5f34a
In base 3, what is -1020002111020120 - -12?
-1020002111020101
In base 13, what is -bc4 + a1c?
-1a5
In base 12, what is 7 - -b1b88?
b1b93
In base 4, what is 1 - 3213102322110?
-3213102322103
In base 3, what is 1100210202 - 22111?
1100111021
In base 3, what is -122101 + -11002122022?
-11010021200
In base 14, what is -4 - -21842c93?
21842c8d
In base 14, what is 1d7 - -56c3?
58ba
In base 9, what is 4082863645 + -5?
4082863640
In base 16, what is -416 + -1f928?
-1fd3e
In base 12, what is -5ab739 + -18?
-5ab755
In base 14, what is -94ad78 - -b?
-94ad6b
In base 14, what is 24a - d23da?
-d2190
In base 16, what is -b29c - 143?
-b3df
In base 9, what is -1856180 + 11?
-1856168
In base 14, what is -214242d2 - 1?
-214242d3
In base 10, what is -62 - 476494?
-476556
In base 10, what is 41 + -3755944?
-3755903
In base 13, what is 500b5 - -65?
5014a
In base 7, what is 601042 + 550?
601622
In base 5, what is 34142 - -10124002?
10213144
In base